alculate the highest common divisor of z and v.
6
Let a(i) = i**3 - 8*i**2 - 8*i - 13. Let q be a(9). Let z be 0 + 0 + q/(-4). Let p be 3*6 + (z - 1). Calculate the greatest common factor of p and 6.
6
Let y(q) = 3*q - 2*q + q**2 - q + 2*q. Let z be y(-3). Calculate the highest common factor of z and 21.
3
Let c = 164 - 76. Calculate the greatest common divisor of c and 22.
22
Let q be (-37)/(-5) - (-9)/15. Suppose -i - 78 = -3*d + 4, 4*i = q. What is the greatest common factor of d and 14?
14
Suppose 4*n = -0*n + 128. Suppose -n = -4*z + 2*z. Calculate the highest common factor of 2 and z.
2
Let h = -28 + 67. Let b = -178 - -191. What is the greatest common divisor of h and b?
13
Let r(h) = h**2 + 3*h + 4. Let z be (-15)/(-12)*(-4)/1. Let u be r(z). Let v = u - 7. Calculate the highest common factor of 28 and v.
7
Let i(q) be the first derivative of 42*q**2 - 2. Let h be i(1). Calculate the highest common factor of 12 and h.
12
Suppose -72 = -3*y - 0*y. Let p = -29 + 45. Calculate the greatest common factor of p and y.
8
Suppose a = 5*m + 48 - 543, 205 = 2*m + a. What is the greatest common divisor of 25 and m?
25
Let f(k) = -2*k**2 - 25*k + 9. Let t be f(-12). Calculate the highest common factor of 3 and t.
3
Suppose 0 = -2*u + 6. Suppose -4*x + 2 = -u*t - 7, -5*x + 16 = t. Suppose -2*i = -6, x*p + 3*i - 30 = -2*i. Calculate the highest common divisor of 20 and p.
5
Let f(b) = -b**2 - 15*b. Let x be f(-14). Suppose i + 5*s = 19, 3*s = x - 5. Calculate the greatest common factor of 6 and i.
2
Suppose 2*j = g + 289 - 97, 3*j - 2*g - 287 = 0. Let c = j - 29. What is the greatest common divisor of 17 and c?
17
Let s be (36/24)/((-2)/(-156)) - -3. What is the highest common factor of s and 15?
15
Let l be (-1)/1 + 1 + 1. Suppose 0 = -4*o + 39 + 9. Let c = o - 8. What is the greatest common factor of l and c?
1
Let r be -2 + 2 - (-950)/2. Suppose 0 = 3*l - 119 - r. Calculate the greatest common factor of l and 18.
18
Suppose 4*k - 2*k - 42 = 0. Calculate the greatest common divisor of 14 and k.
7
Let p(y) = -5*y**2 + 3*y + 2*y + 15*y**2 + 10 - y**3. Let o be p(10). Calculate the highest common factor of 15 and o.
15
Let d be (0 + 54/5)/((-36)/(-120)). Calculate the highest common factor of d and 324.
36
Let c be (2/(-4))/((-1)/10). Suppose 5*p - 10 = 0, -5*y + 0*p - c*p = -80. What is the highest common factor of y and 35?
7
Let f = -10 - 2. Let z = f - -22. What is the greatest common divisor of z and 10?
10
Let z(t) = -t + 2. Let r be z(3). Let c be -1 - (r - (11 + 0)). Suppose -3*l + 12 = 0, 3*l - l + 168 = 2*g. Calculate the highest common divisor of c and g.
11
Suppose -3*d = -d - 176. Calculate the greatest common factor of 8 and d.
8
Suppose 5*a + 0*a - 250 = 0. What is the highest common divisor of 25 and a?
25
Let f be 2/(0 + 1) + -10 + 53. Calculate the greatest common divisor of f and 9.
9
Let g(o) = o + 13. Let t be g(0). Let m = 20 - t. What is the greatest common divisor of m and 14?
7
Suppose 3*v - 5*x - 90 = -2*x, 42 = 2*v + 4*x. What is the greatest common divisor of v and 36?
9
Suppose -2*y - 487 + 493 = 0. Let s(a) be the second derivative of a**3/6 + 7*a**2/2 + a. Let m be s(-6). What is the greatest common factor of m and y?
1
Let c = -9 + 12. Suppose -60 = n - c*n. Calculate the greatest common divisor of 12 and n.
6
Let z be 2/(-3*6/(-63)). Suppose -z*q = -3*q - 112. Calculate the greatest common factor of q and 4.
4
Let d be (-5 - -2) + 69/3. Let t = 55 - d. What is the highest common factor of t and 14?
7
Suppose -7*n = -792 - 468. What is the highest common divisor of 72 and n?
36
Let l = -82 + 159. What is the highest common factor of l and 11?
11
Suppose 4*s + s - 20 = 0. Let i = 41 + s. Calculate the highest common factor of 15 and i.
15
Let d be (1 + -1)/(4/(-2)). Let q = 3 + d. Calculate the greatest common factor of q and 3.
3
Suppose -5*c + 465 - 165 = 0. Calculate the highest common divisor of 12 and c.
12
Let l(d) = 14*d. Let v be l(1). Calculate the highest common factor of 126 and v.
14
Let f be (-19253)/(-65) - (-4)/5. Calculate the highest common factor of 33 and f.
33
Let h(s) = 2*s**3 - 2*s**2 - s - 2. Let y be h(2). What is the highest common factor of y and 6?
2
Let f be 5*4*(-3)/15. Let z be f/1 + -2 + 42. What is the greatest common divisor of 54 and z?
18
Let f = 151 - 97. Suppose -r = r - f. Let b be (-620)/(-35) + (-16)/(-7) + -2. Calculate the greatest common divisor of b and r.
9
Let n = 36 - 20. Let t be n + -2 + (-5 - -3). Calculate the highest common divisor of 30 and t.
6
Let h = 2 + -2. Suppose 6*t = 4*t + 3*g - 4, -3*t + 2*g + 4 = h. What is the highest common factor of t and 16?
4
Suppose 2 = -y, 2*y = -4*k + 27 - 3. Let a be (-412)/(-28) - (-2)/k. What is the greatest common factor of a and 10?
5
Suppose 5*g + 30 = 4*n - 37, -5*n + 5*g + 85 = 0. What is the highest common factor of 90 and n?
18
Let z = -301 - -422. What is the highest common factor of z and 11?
11
Suppose 5*s + 6*y + 135 = y, 4*s + y + 123 = 0. Let w be (-9)/4*s/3. What is the highest common divisor of 24 and w?
24
Suppose p - 3 - 2 = 0. Calculate the greatest common divisor of 25 and p.
5
Let o = -7 - -14. What is the greatest common factor of o and 21?
7
Suppose -5*w + 4*x + 32 = 0, 4*w - 2*x = 2*x + 28. Suppose -w*p + 3 = -1. What is the greatest common factor of p and 3?
1
Let g(q) = -q**3 + q**2 - q + 10. Let i be g(0). Let c(a) = 7*a + 1. Let r be c(7). What is the highest common divisor of i and r?
10
Let z = -3 + 12. Suppose 5*v - 35 = 3*i, 0*i + 3*i + 3*v + 3 = 0. Let w be ((-6)/(-5))/((-1)/i). What is the greatest common factor of z and w?
3
Suppose 0 = 2*p + 4, -3*d - p + 10 = -12. Let a = 13 + -5. Suppose -4*k - 160 = -a*k. What is the highest common factor of d and k?
8
Suppose -l = -t + 87, -2*l + 26 = t - 64. What is the highest common factor of t and 11?
11
Let m be ((-2)/3 + 0)*-9. Let p = 135 - 123. What is the greatest common divisor of p and m?
6
Suppose -4 = -4*d, 2*n - 5*d + d = 44. Let j = -8 - -24. Calculate the greatest common divisor of n and j.
8
Let j = 51 - 41. Calculate the greatest common factor of j and 5.
5
Suppose 4*q - 65 = -5*g, -3*q - 40 = -5*g - 2*q. Let r(x) = -11*x + 3. Let o be r(-4). Let v = o - 11. Calculate the highest common factor of g and v.
9
Let r be 40/((-5)/(-2) - 2). Suppose -4 = -4*o + 16. Suppose 3*z + q - 104 = o*q, 92 = 3*z + 2*q. What is the greatest common factor of z and r?
16
Let p(a) = -87*a**2 - 3. Let g(q) = -262*q**2 - 8. Let y(i) = -4*g(i) + 11*p(i). Let x be y(1). Calculate the highest common factor of x and 18.
18
Suppose -5*a - 11 = -1. Let j(v) = -11*v + 2. Let u be j(a). Calculate the greatest common divisor of 24 and u.
24
Suppose -4*z - 125 = -3*r, 0 = 4*r - z - 185 + 40. What is the greatest common divisor of r and 5?
5
Let v be ((-36)/(-16))/(3/8). Calculate the highest common divisor of v and 4.
2
Suppose -87 = 2*a + a. Let r = -12 - a. What is the highest common divisor of r and 136?
17
Let s be ((-2)/(-3))/((-12)/(-432)). Suppose 3 = -h + s. Let g(v) = -13*v**3 + 2*v**2 + 2*v + 1. Let c be g(-1). Calculate the highest common factor of c and h.
7
Suppose n = -4*q, 5*q - 3*n = 2*n + 25. Suppose -4*r + 5*h - q - 6 = 0, h + 3 = 3*r. What is the highest common factor of r and 8?
2
Let y(c) = c**3 + 10*c**2 + 7*c - 17. Let v be y(-8). What is the highest common factor of v and 22?
11
Let n(k) = -49*k + 2. Let c be n(-1). Let i be (c + 0)*(-10)/(-30). Calculate the greatest common factor of 17 and i.
17
Let n = -1 + -10. Let m = 2 - n. What is the highest common divisor of 91 and m?
13
Let k = -19 + 5. Let o be 4 - 1 - (-2 - -1). Let t be (-374)/k - o/(-14). What is the highest common divisor of t and 18?
9
Suppose h = 3*z - 63, z + 6*h - 37 = h. Let r(a) = 5*a. Let p be r(4). Let b = p - -13. Calculate the highest common factor of b and z.
11
Let n be -1 + (-165)/(-10) + 1/(-2). Calculate the highest common divisor of 10 and n.
5
Suppose -3*s + 5*s + 172 = 2*h, 5*h = -s + 460. Suppose h - 11 = g. Calculate the greatest common divisor of g and 32.
16
Let b(w) = -2*w - 6. Let z be b(-7). Suppose 5*k - 2*y = 276, -3*y - 274 = -5*k - 0*y. What is the greatest common factor of k and z?
8
Suppose -5*h = 3*w - 67, w - 14*h = -16*h + 23. What is the highest